 p = -18 + u. What are the prime factors of p?
3
Suppose -g + 1 = -2. Suppose -4*i = g*l - 76, -2*i + 19 = -i + l. List the prime factors of i.
19
What are the prime factors of (-200)/(-15) + 4/6?
2, 7
Suppose 0*p = -2*p - 2*h + 24, -3*h - 24 = -2*p. List the prime factors of (p/2)/(6/8).
2
What are the prime factors of 315/(-6)*4/(-6)?
5, 7
Let g(x) = 10*x**2 - 1. List the prime factors of g(-3).
89
Suppose -3*r - 56 = -4*r. What are the prime factors of r?
2, 7
Let d = 5 + -2. Suppose d*c = -26 + 71. What are the prime factors of c?
3, 5
Let c = 9 - -25. Let d = -19 + c. What are the prime factors of d?
3, 5
Suppose 5*a - 7 = -37. Let q = a + 8. Suppose -c = 3*t - q - 4, -c - 5*t = -2. List the prime factors of c.
2, 3
Let d(t) = -1 + 6 - t**3 - 2 - 6*t - 7*t**2. Let y be 5*1*24/(-20). What are the prime factors of d(y)?
3
Let o(b) = -23*b**3 + 3*b + 3. Let g be o(-2). Suppose -2*x + 2*j + 76 = 0, -x = 4*x + 4*j - g. List the prime factors of x.
37
Suppose 3*w - 5*w = 4*l - 118, -96 = -3*l + w. Let x = l + 1. What are the prime factors of x?
2
Suppose -3*r + 84 = -0*r. List the prime factors of r.
2, 7
List the prime factors of (1 + -13)*32/(-12).
2
Let f(d) be the second derivative of -d**3 - d**2/2 - 2*d. Let p be (2 + -4)*(-2)/(-4). List the prime factors of f(p).
5
Let f = 27 + -15. Suppose f = 3*b + b. List the prime factors of b.
3
Let h = 23 + -26. Let x be 4/(-14) - (-79)/7. Let w = x + h. What are the prime factors of w?
2
Suppose -i + 82 = 3*u - 4*u, -i + 90 = -5*u. Suppose -r = 4, -3*j + r + i = j. What are the prime factors of j?
19
Suppose 13 + 7 = 5*d. Let z be 15/2 - 5/10. Suppose -u = -d - z. What are the prime factors of u?
11
Let y be 2 - (3 + -1) - -3. Suppose 0*o + y*o = 2*p - 71, 3*p - 99 = 2*o. List the prime factors of p.
31
Let a be (-6)/9*(2 + -38). Let u(z) = -z**2 + 10*z + 4. Let v be u(10). Suppose 0 = -4*h - 2*o + a, 0*o + 12 = 4*h - v*o. List the prime factors of h.
5
Suppose -3*g + 109 = -0*g - 5*w, -2*g - w + 77 = 0. List the prime factors of g.
2, 19
Let f be 3/(6/(-4)) - 6. Let x be 2*(1 + (-1 - f)). Suppose -4*v = 3*k - k - 22, 0 = k - 3*v - x. List the prime factors of k.
13
Let v(w) = w**2 - w + 7. List the prime factors of v(5).
3
Let j = -79 - -370. What are the prime factors of j?
3, 97
Let a(b) = b + 8. Let s be a(-6). Suppose s*w - 2 = w. Suppose w*h = 5*t + 28, h + 20 = 4*h - 2*t. What are the prime factors of h?
2
Suppose 2*u = -0*u - 42. Let i = 30 + u. List the prime factors of i.
3
Suppose -3*w - l - 95 = -324, -2*l - 142 = -2*w. Suppose 0 = 3*b - 9 - 6. Suppose -b*v + 2*p = -w, 5*v + 0*p - 60 = -p. What are the prime factors of v?
13
Let b(x) = 5*x**2 - 4*x + 2. Let m be 8/(-6) - 65/(-15). List the prime factors of b(m).
5, 7
Let h be -7*(-2)/6*-3. Let z = 4 + h. List the prime factors of z/(-9)*3 + 9.
2, 5
Suppose -5*u - 5 = 2*b - 3*b, 4*b = -4*u + 20. Suppose -b*w = 2*z - 71, -2*w + 0*z - z + 29 = 0. Let f = -8 + w. What are the prime factors of f?
5
Let f = -197 - -394. List the prime factors of f.
197
Let u(k) = k**2 + 8*k + 14. List the prime factors of u(-11).
47
Suppose v - 44 = -v. List the prime factors of v.
2, 11
Let c = -23 + 69. What are the prime factors of c?
2, 23
Let z(d) be the third derivative of -d**4/24 + d**3/3 + 3*d**2. Suppose 4*u = 4, -2*q + 5 = -3*q + u. What are the prime factors of z(q)?
2, 3
Let y(k) = k + 3. Let r be y(0). Suppose -37 - 12 = -5*u + 2*z, -3*z = -r*u + 24. List the prime factors of -7*(-3 + u/7).
2, 5
Suppose 0 = -3*a + 22 - 52. What are the prime factors of 5/1*(-4)/a?
2
Let d = -48 - 48. Let y = -51 - d. Suppose 2*z = -3*z + y. List the prime factors of z.
3
Suppose -4*q - 59 = -5*u + 12, u - 11 = 4*q. Let g be (u/9 - 1)*30. Let f = g + -10. List the prime factors of f.
2, 5
Let m(r) = 21*r**3. List the prime factors of m(1).
3, 7
Let c(u) = 2*u**2 - 7*u + 5. Let m(b) = 3*b**2 - 15*b + 11. Let g(l) = -5*c(l) + 3*m(l). List the prime factors of g(-10).
2
Let z(g) = -g**2 - g - 1. Let n(d) = -d**2 - 6*d - 5. Let k(j) = -n(j) + 2*z(j). Let f be k(4). What are the prime factors of (-14)/((-4)/6*f)?
7
Let k(j) = -7*j - 1. Let t be k(-1). Suppose 3*i - t = 0, -58 = -2*m - 0*m + 3*i. What are the prime factors of m?
2
Suppose 0 = 4*x - 153 - 55. Let c = x - 18. What are the prime factors of c?
2, 17
Suppose a - 3 - 3 = 0. Let m be ((-10)/3)/((-4)/a). Suppose 9*g - 28 = m*g. List the prime factors of g.
7
Let d(o) be the second derivative of -o**5/10 - o**4/4 - o**3/6 + o**2/2 - 8*o. What are the prime factors of d(-3)?
31
Suppose -3*d = 0, -j + d = 3*d - 3. Suppose -j*h + 16 = 4*k - 68, 116 = 5*k + h. Suppose -6*l + 4*l + k = 0. What are the prime factors of l?
2, 3
Let g = -2 - 1. Let i(q) = -5*q. What are the prime factors of i(g)?
3, 5
Let k = 22 - 54. Let y = 22 + k. List the prime factors of -5*(-3 - (-2)/y).
2
Suppose 0 = o - s - 8, -2*o + 4*s = 3*o - 44. Let p = o + -5. What are the prime factors of p?
7
Suppose 0 = -4*l - 5*u + 32, 0 = -2*u + 8. Suppose 0 = -l*i - 3*a + 27, -4*i + 2*a = -67 + 7. What are the prime factors of i?
13
Suppose -5*z - 1 = -4*y, 3*z - 46 + 17 = -5*y. Let v = y + -1. Suppose -r + 14 = v. List the prime factors of r.
11
Let l(p) = -5*p**2 + 6*p + 9. Let n(h) = -h**2 + h + 2. Let k(g) = 2*l(g) - 11*n(g). What are the prime factors of k(-5)?
2
Let o(t) = -3*t**3 + 35*t**2 + 24*t - 36. Let c(a) = -2*a**3 + 18*a**2 + 12*a - 18. Let b(f) = -5*c(f) + 3*o(f). What are the prime factors of b(-14)?
2, 5
Suppose q = 2*q + 3*l - 28, -q + 29 = 2*l. What are the prime factors of q?
31
Suppose -b + 668 = 2*d - 806, -4414 = -3*b + 2*d. Let w be (-2)/7 - b/(-56). Suppose -4*h + n + w = -n, 5*n = 2*h - 1. What are the prime factors of h?
2
Suppose r + 0 = -4. What are the prime factors of (r/(-1) - -8) + -2?
2, 5
List the prime factors of (276/(-8))/((-5)/10).
3, 23
Suppose 3*o = 3*n - 282, 3*n + 113 - 390 = 4*o. Suppose 2*k - 4 = -3*u + n, 4*k = -3*u + 113. Let a = -22 + u. List the prime factors of a.
3
Suppose -2*b - 39 = -4*b + 3*s, 5*s = -2*b - 1. What are the prime factors of b?
2, 3
Let m = 43 + -31. Let n be (-2)/4*m/(-3). Suppose -3*d - 2*o + o + 19 = 0, -5*o - 24 = -n*d. List the prime factors of d.
7
Let f(p) = 6*p - p + 3 + 0*p - 4*p + 2*p**2. List the prime factors of f(4).
3, 13
Suppose 0*r + 4*r + 3*o + 6 = 0, 0 = -5*o - 10. Suppose w + 2*k = 63, r = -3*w - 4*k - 53 + 238. What are the prime factors of w?
59
Let h(c) = c**2 - c + 1. What are the prime factors of h(2)?
3
Suppose 5*f + 2*z = -165, 5*z + 80 = -f - 2*f. Let l(k) = -k. Let o be l(4). What are the prime factors of f/(-10)*o/(-7)?
2
List the prime factors of (-4)/34 - (-2932)/68.
43
Let d(q) = q**3 - 6*q**2 + 8*q - 7. Let v be d(5). Let j = v + -4. Suppose -j*a + a = -42. What are the prime factors of a?
2, 7
Suppose -4*d + 19 = -1. Suppose -2*i = l + 5 - 0, d*i - 2*l - 10 = 0. Suppose -5*a - 2*h + 16 + 8 = i, -24 = -4*a - 4*h. List the prime factors of a.
2
Suppose 2*i = -7*i + 594. List the prime factors of i.
2, 3, 11
List the prime factors of (-2 - -1)/(5/(-410)).
2, 41
Let j = 44 + 202. List the prime factors of j.
2, 3, 41
Let w(l) = -l**3 - l**2 - l. Let q(i) = 2*i**3 + 11*i**2 + 3*i - 2. Let c(a) = -q(a) - 3*w(a). Let r be c(8). List the prime factors of r/(-7) + 90/21.
2
Let p(z) = -4*z**3 - 6*z**2 + 9*z + 8. List the prime factors of p(-5).
313
Let l(h) = h**2 - 7*h + 9. List the prime factors of l(12).
3, 23
Suppose 3*h = -5*o - 31, 4*h - 12 = -0*h + 4*o. List the prime factors of 34/((-1)/1*h).
17
Let v be (5 - 6)/(2/(-28)). Suppose -o + 2 = -v. What are the prime factors of o?
2
Let j(c) = 4 + 10*c - c**2 + 5*c - 4*c. Suppose 3*s - 29 = 1. What are the prime factors of j(s)?
2, 7
Let x(l) = 2*l**2 + 2*l - 2. Let d = -1 + -1. Let c be x(d). Suppose -4*o = -5*h + 33, 0*o - c*o + 16 = 4*h. What are the prime factors of h?
5
Suppose -q + 25 = 4*q - 5*o, 5*q - 23 = 4*o. Suppose -x = -l + 2 - q, -3*x = -4*l - 4. Let r = 4 - l. List the prime factors of r.
5
Let j(a) = 1 - a - 6*a - 10 + 3*a. Let w be j(-6). Let l = w - 9. What are the prime factors of l?
2, 3
Suppose 3*y - 7 - 8 = -2*v, 20 = 3*v + 5*y. What are the prime factors of v?
3, 5
Let i(q) = q**2 + q + 4. Suppose -12 = 5*j - 4*a - 51, 6 = j + a. Let d = -7 + j. List the prime factors of i(d).
2